143725633 a composite number?
True
Is 97622111 composite?
True
Is 2580201761 a composite number?
False
Is 17201856337 a composite number?
True
Is 975123239 composite?
False
Is 67666974953 a composite number?
True
Is 121053997169 prime?
False
Is 569988329 a composite number?
True
Is 13112077877 prime?
False
Is 6576328159 a composite number?
True
Is 1173912041 composite?
True
Is 3036596687 prime?
True
Is 78041141759 composite?
True
Is 23539499267 prime?
True
Is 11423587817 composite?
True
Is 5037583007 a prime number?
True
Is 3680115169 a prime number?
True
Is 145190711 a composite number?
False
Is 134139857347 a prime number?
False
Is 160701803 prime?
True
Is 1061881797 composite?
True
Is 527691029 composite?
False
Is 200380605401 a prime number?
True
Is 61383828119 a prime number?
True
Is 104272467527 composite?
True
Is 106519896533 a prime number?
False
Is 4228367421 prime?
False
Is 66972616483 a composite number?
True
Is 80901727337 prime?
False
Is 1987077907 a prime number?
False
Is 110692591 composite?
False
Is 2212050791 a prime number?
False
Is 2542817887 prime?
True
Is 222028052621 a prime number?
True
Is 1452178831 composite?
True
Is 13465719733 a prime number?
True
Is 1049391953 a prime number?
True
Is 409797701 prime?
True
Is 1521785201 a composite number?
False
Is 187441939 composite?
False
Is 351977753 a composite number?
False
Is 167790895 a prime number?
False
Is 46906104361 composite?
True
Is 1955103041 a composite number?
False
Is 57130916587 composite?
True
Is 78137465255 composite?
True
Is 276601357 a prime number?
False
Is 681525503 a composite number?
False
Is 1283360503 composite?
True
Is 2415317637 a prime number?
False
Is 79725807193 a composite number?
False
Is 55573575851 composite?
False
Is 11242816339 a composite number?
False
Is 77192491 a composite number?
False
Is 8349865583 prime?
True
Is 989606561 a composite number?
False
Is 2624055631 a prime number?
True
Is 47552343569 a prime number?
True
Is 15395779433 composite?
True
Is 224282657 prime?
False
Is 1292427187 composite?
False
Is 98855562263 a prime number?
True
Is 88979381 composite?
True
Is 44922298627 composite?
False
Is 22793793485 composite?
True
Is 1873619065 a prime number?
False
Is 145206122573 a prime number?
True
Is 24314596793 composite?
False
Is 1343966914787 composite?
True
Is 17212268729 prime?
False
Is 2793031007 composite?
True
Is 201946061 a prime number?
True
Is 2040001727 composite?
False
Is 82257856753 a composite number?
False
Is 24818458813 a prime number?
False
Is 1072748123 a composite number?
True
Is 366579443 prime?
True
Is 2542614895 prime?
False
Is 10805895641 a prime number?
True
Is 499885037 composite?
False
Is 27840860027 a prime number?
False
Is 856747949 a composite number?
False
Is 9918353045 a composite number?
True
Is 5963833247 a prime number?
True
Is 1411631359 a composite number?
True
Is 2158316789 a composite number?
True
Is 184339189 a prime number?
True
Is 4166689 a prime number?
True
Is 697491841 a composite number?
True
Is 956107237 a composite number?
False
Is 7243257119 a composite number?
True
Is 90414732077 prime?
True
Is 306630461 a composite number?
False
Is 2424305705 prime?
False
Is 5602102681 a composite number?
True
Is 46552510997 a prime number?
False
Is 72638963 composite?
True
Is 5640956071 composite?
False
Is 62352008699 a prime number?
True
Is 764168809 composite?
True
Is 4164964943 a prime number?
True
Is 22506654199 a composite number?
False
Is 115216147 prime?
False
Is 32222979227 a prime number?
False
Is 1635475663 a composite number?
False
Is 21683477867 a prime number?
True
Is 2844712133 a composite number?
False
Is 10780462283 prime?
True
Is 136344337 prime?
True
Is 50464207 a composite number?
True
Is 15706797473 composite?
True
Is 1168206073 a prime number?
True
Is 532398463 composite?
False
Is 585974663 a prime number?
True
Is 111608899331 a composite number?
False
Is 18707470321 composite?
True
Is 855302618 a prime number?
False
Is 52428531343 prime?
False
Is 26781972005 composite?
True
Is 776756327 a prime number?
False
Is 20981464279 prime?
True
Is 157885841 a composite number?
False
Is 1504469167 a composite number?
True
Is 247933370669 prime?
True
Is 13804793531 a composite number?
False
Is 601660357 a composite number?
False
Is 3208750351 prime?
False
Is 1036852589 a composite number?
True
Is 314503719983 composite?
False
Is 18763742359 a prime number?
False
Is 72989399699 prime?
False
Is 2459288369 a prime number?
True
Is 36516791873 prime?
True
Is 825965159 composite?
False
Is 581193947 a composite number?
False
Is 352867116113 a composite number?
False
Is 56154071 a composite number?
False
Is 207380011 composite?
False
Is 783754691 composite?
False
Is 59857571 a composite number?
False
Is 8030226037 prime?
False
Is 1017261082 a composite number?
True
Is 1951859849 composite?
False
Is 3846030151 a prime number?
False
Is 6125430907 prime?
True
Is 62739097199 prime?
True
Is 5882453 a composite number?
True
Is 6527245007 prime?
True
Is 2414498113 prime?
True
Is 58277881 a composite number?
False
Is 665924965 prime?
False
Is 963518421 a composite number?
True
Is 316768759 a composite number?
True
Is 430896836135 a composite number?
True
Is 678177069 prime?
False
Is 22364573123 prime?
True
Is 365021849 a prime number?
False
Is 2945579999 a prime number?
True
Is 1205386459 prime?
True
Is 136318546603 a prime number?
True
Is 71100931651 a prime number?
True
Is 2554582551 composite?
True
Is 98130789413 a prime number?
True
Is 3184895309 a composite number?
True
Is 90960481 a prime number?
True
Is 169026821 a prime number?
False
Is 1999312394 composite?
True
Is 86234842579 composite?
False
Is 377633027 prime?
True
Is 294567851 a composite number?
False
Is 13789044957 a composite number?
True
Is 917790701 a composite number?
False
Is 2049277247 a prime number?
True
Is 3051509457 a prime number?
False
Is 6327174793 a prime number?
True
Is 15728067461 prime?
True
Is 61856936815 composite?
True
Is 1907397103 composite?
False
Is 38055457337 a composite number?
False
Is 187668997 composite?
False
Is 54885029557 a composite number?
False
Is 41875431683 composite?
False
Is 7088148679 prime?
False
Is 250295563 a prime number?
False
Is 1129742917 composite?
False
Is 1669552169 a prime number?
True
Is 7187394289 a composite number?
True
Is 1742351437 a composite number?
True
Is 3174832735 a prime number?
False
Is 6100319051 a composite number?
True
Is 1290516137 composite?
True
Is 1754133413 prime?
True
Is 211900439 composite?
False
Is 63969571 prime?
True
Is 578494561 a prime number?
True
Is 6158986991 a prime number?
True
Is 3830000959 prime?
True
Is 30804593117 composite?
True
Is 400667551 a prime number?
False
Is 97996247681 prime?
False
Is 197715053 prime?
True
Is 1427500357 composite?
True
Is 223291113 a prime number?
False
Is 25299002723 a prime number?
True
Is 1203768382 a prime number?
False
Is 129181111 a prime number?
False
Is 3529559793 composite?
True
Is 11787444239 a prime number?
True
Is 3228754391 prime?
True
Is 9194741 prime?
False
Is 433129597 a prime number?
False
Is 3338160541 prime?
True
Is 2194774579 a composite number?
True
Is 117829812341 composite?
True
Is 2770425106 prime?
False
Is 193508983777 composite?
False
Is 1139958607 a prime number?
True
Is 578204243 prime?
True
Is 15260547587 a prime number?
False
Is 1010936023 composite?
False
Is 2794696937 composite?
False
Is 2517634055 a composite number?
True
Is 36156019183 a prime number?
False
Is 35982049 a composite number?
False
Is 10460288737 composite?
False
Is 3008138093 a prime number?
True
Is 109357627 prime?
True
Is 520036663 a composite number?
False
Is 1264720117 a prime number?
False
Is 804305146 prime?
False
Is 7058973941 prime?
False
Is 295113347 composite?
False
Is 91492001 a composite number?
False
Is 30962442551 prime?
True
Is 3745456931 a prime number?
False
Is 3675861743 a prime number?
False
Is 3186367061 composite?
False
Is 2703514543 prime?
True
Is 20159885131 a prime number?
False
Is 108322523 prime?
False
Is 806680713 a prime number?
False
Is 820333589 a composite number?
True
Is 476008459 a composite number?
False
Is 2767861891 composite?
False
Is 172208363 prime?
False
Is 32684513 composite?
False
Is 